{"id":1102,"date":"2024-12-09T12:16:20","date_gmt":"2024-12-09T11:16:20","guid":{"rendered":"https:\/\/moisanstabac-ara.com\/?page_id=1102"},"modified":"2025-01-07T15:42:37","modified_gmt":"2025-01-07T14:42:37","slug":"podium-2024","status":"publish","type":"page","link":"https:\/\/moisanstabac-ara.com\/?page_id=1102","title":{"rendered":"Podium 2024"},"content":{"rendered":"\n<p><mark style=\"background-color:rgba(0, 0, 0, 0);color:#3d8e7f\" class=\"has-inline-color\">Voici les 20 premi\u00e8res \u00e9quipes sur les 69 \u00e9quipes<\/mark> <mark style=\"background-color:rgba(0, 0, 0, 0);color:#3d8e7f\" class=\"has-inline-color\"><strong>de la r\u00e9gion Auvergne-Rh\u00f4ne-Alpes inscrites<\/strong>. Le jury a d\u00e9lib\u00e9r\u00e9 suite aux r\u00e9ponses aux trois d\u00e9fis. <br>Le Mois sans tabac est une <strong>victoire collective<\/strong>, <strong>toutes les \u00e9quipes se sont donn\u00e9es<\/strong> pour ce challenge et <strong>les \u00e9carts \u00e9taient tr\u00e8s serr\u00e9s<\/strong>.<strong> Bravo \u00e0 tous !<\/strong><\/mark><\/p>\n\n\n\n<figure class=\"wp-block-image size-large\"><img loading=\"lazy\" decoding=\"async\" width=\"925\" height=\"1024\" src=\"https:\/\/moisanstabac-ara.com\/wp-content\/uploads\/2025\/01\/podium-final_2-925x1024.png\" alt=\"\" class=\"wp-image-1121\" srcset=\"https:\/\/moisanstabac-ara.com\/wp-content\/uploads\/2025\/01\/podium-final_2-925x1024.png 925w, https:\/\/moisanstabac-ara.com\/wp-content\/uploads\/2025\/01\/podium-final_2-271x300.png 271w, https:\/\/moisanstabac-ara.com\/wp-content\/uploads\/2025\/01\/podium-final_2-768x850.png 768w, https:\/\/moisanstabac-ara.com\/wp-content\/uploads\/2025\/01\/podium-final_2-500x554.png 500w, https:\/\/moisanstabac-ara.com\/wp-content\/uploads\/2025\/01\/podium-final_2-800x886.png 800w, https:\/\/moisanstabac-ara.com\/wp-content\/uploads\/2025\/01\/podium-final_2.png 1016w\" sizes=\"auto, (max-width: 925px) 100vw, 925px\" \/><\/figure>\n\n\n\n<p><strong><mark style=\"background-color:rgba(0, 0, 0, 0);color:#e94f45\" class=\"has-inline-color\">Nous remercions les \u00e9quipes pour leur engagement et les f\u00e9licitons pour la cr\u00e9ativit\u00e9 dont elles ont su faire preuve tout le long de ce challenge inter-structures Mois sans tabac !<\/mark><\/strong><\/p>\n","protected":false},"excerpt":{"rendered":"<p>Voici les 20 premi\u00e8res \u00e9quipes sur les 69 \u00e9quipes de la r\u00e9gion Auvergne-Rh\u00f4ne-Alpes inscrites. Le jury a d\u00e9lib\u00e9r\u00e9 suite aux r\u00e9ponses aux trois d\u00e9fis. Le Mois sans tabac est une victoire collective, toutes les \u00e9quipes se sont donn\u00e9es pour ce &hellip; <a href=\"https:\/\/moisanstabac-ara.com\/?page_id=1102\">Continuer la lecture <span class=\"meta-nav\">&rarr;<\/span><\/a><\/p>\n","protected":false},"author":1,"featured_media":0,"parent":0,"menu_order":0,"comment_status":"closed","ping_status":"closed","template":"","meta":{"footnotes":""},"class_list":["post-1102","page","type-page","status-publish","hentry"],"_links":{"self":[{"href":"https:\/\/moisanstabac-ara.com\/index.php?rest_route=\/wp\/v2\/pages\/1102","targetHints":{"allow":["GET"]}}],"collection":[{"href":"https:\/\/moisanstabac-ara.com\/index.php?rest_route=\/wp\/v2\/pages"}],"about":[{"href":"https:\/\/moisanstabac-ara.com\/index.php?rest_route=\/wp\/v2\/types\/page"}],"author":[{"embeddable":true,"href":"https:\/\/moisanstabac-ara.com\/index.php?rest_route=\/wp\/v2\/users\/1"}],"replies":[{"embeddable":true,"href":"https:\/\/moisanstabac-ara.com\/index.php?rest_route=%2Fwp%2Fv2%2Fcomments&post=1102"}],"version-history":[{"count":5,"href":"https:\/\/moisanstabac-ara.com\/index.php?rest_route=\/wp\/v2\/pages\/1102\/revisions"}],"predecessor-version":[{"id":1122,"href":"https:\/\/moisanstabac-ara.com\/index.php?rest_route=\/wp\/v2\/pages\/1102\/revisions\/1122"}],"wp:attachment":[{"href":"https:\/\/moisanstabac-ara.com\/index.php?rest_route=%2Fwp%2Fv2%2Fmedia&parent=1102"}],"curies":[{"name":"wp","href":"https:\/\/api.w.org\/{rel}","templated":true}]}}